r when j is divided by 16.
13
Suppose 2*g - 4*f = 30, 0*g - 5*g + 2*f = -43. Let z(y) = 2*y**2 + y - 3. Let u be z(g). Suppose -h = h - u. What is the remainder when h is divided by 13?
12
Let j(d) be the first derivative of 2*d**3/3 + 3*d**2/2 + 4*d + 1. Let w = 1320 - 1282. What is the remainder when w is divided by j(-3)?
12
Let b(r) = -r**3 - 25*r**2 + r + 45. Calculate the remainder when b(-25) is divided by 11.
9
Calculate the remainder when 5/((-45)/(-12)) + (-2695)/(-33) is divided by 7.
6
Suppose -4*x + 6*x + 2*p + 88 = 0, -250 = 5*x - 5*p. Let n = x + 23. Let d = 73 - n. Calculate the remainder when d is divided by 25.
22
Suppose 92 = 30*m - 478. What is the remainder when 238 is divided by m?
10
Suppose 4 = -2*m + 16. Let g(q) = 3*q + m + 3*q + q. Calculate the remainder when 106 is divided by g(3).
25
Suppose 0*m - 5*m + 5*l = -130, 3*m - l = 72. Let q(g) = -g**3 + 12*g**2 + 7*g - 30. What is the remainder when q(6) is divided by m?
21
Let b be (-119)/21 + 2/3. Let x = -2 - b. What is the remainder when x is divided by 2?
1
Let w = 12 + 29. What is the remainder when 116 is divided by w?
34
Let o be 1/7 + (-293)/(-7). Suppose 5*j - 13 - o = 0. Suppose 0 = c + 4*r + 3 - 7, -5*r + 20 = 2*c. What is the remainder when c is divided by j?
9
What is the remainder when 76 is divided by (-5 + (11 - 5))/((-4)/(-68))?
8
Suppose 1485 = 14*c - 1007. What is the remainder when c is divided by 9?
7
Let j be -5*(-2 - 1)/((-2)/2). Suppose z - 28 = -5*p, 4*z + p = 4*p + 158. Let o = z + j. Calculate the remainder when o is divided by 12.
11
Let q(l) = l**2 - 23*l + 151. Calculate the remainder when 160 is divided by q(13).
13
Let d = 1488 - 1276. What is the remainder when d is divided by 38?
22
Suppose 0 = -33*f + 2902 + 1487. Let a(m) = -2*m**3 - 4*m**2 - 2*m + 3. Calculate the remainder when f is divided by a(-3).
25
Let o(k) = -2*k**2 - 65*k - 134. Calculate the remainder when 206 is divided by o(-30).
14
Let a(x) = 22*x - 618. Calculate the remainder when a(40) is divided by 89.
84
Calculate the remainder when 93 is divided by 2 + (6/21 - (-145)/7).
1
Let x(i) = 2*i - 1. Let g = -122 - -126. Suppose 32 = -2*c + g*c - 4*f, 29 = 4*c - f. Calculate the remainder when x(5) is divided by c.
3
Calculate the remainder when 8/16 - 282/(-12) is divided by 9.
6
Suppose 2*w - 2 = 4. Let a = w + 3. Let s = a - 1. Calculate the remainder when 9 is divided by s.
4
Let m(q) = 76*q - 5. Let z be m(-1). Let w = z + 98. Calculate the remainder when 117 is divided by w.
15
Suppose 2*f - 2 = 14. Let q = 12 + -8. Suppose -5*v - q*z = -10*v + 63, 27 = 2*v - z. What is the remainder when v is divided by f?
7
Let l(q) = q**2 + 5*q + 3. What is the remainder when l(-6) is divided by (7/2)/(2/4)?
2
Let p = 68 - 66. Suppose p*z - 42 = -4*z. Calculate the remainder when 9 is divided by z.
2
Let a = -25 + 84. Suppose 36 + a = 5*v. Calculate the remainder when v is divided by 10.
9
Let n(s) = s + 42. What is the remainder when 31 is divided by n(-23)?
12
Let g = -17 - -17. Suppose -5*f + v + 15 = 6*v, g = -5*f + 5*v + 45. Suppose f*p - 80 = p. What is the remainder when 46 is divided by p?
14
Let b(p) = -4*p + 292. Calculate the remainder when b(29) is divided by 30.
26
Suppose 126*y = 114*y + 2664. What is the remainder when y is divided by 32?
30
What is the remainder when 237/27 + (-18)/(-81) is divided by 5?
4
Let v = -172 - -298. Calculate the remainder when v is divided by 65.
61
Let f(z) = 10*z + 22. Let v be f(-4). Let i = -59 + 92. Calculate the remainder when i is divided by (-427)/(-63) - 4/v.
5
Let l = 107 + -50. What is the remainder when l is divided by 13?
5
Let h = 55 - -8. Suppose -10*k + 303 - h = 0. What is the remainder when 67 is divided by k?
19
Let q(f) = -2*f + 5. Let u be q(2). What is the remainder when 122 is divided by (-286)/(-11) + u/(-1)?
22
Let u(b) = -3*b - 34. What is the remainder when 28 is divided by u(-15)?
6
Suppose -2*x = -4*x - 8, 0 = -5*r + 4*x + 91. Let o = 68 + -124. Calculate the remainder when o*(-3)/(-18)*-3 is divided by r.
13
Calculate the remainder when (-20)/12*(1 + -64) is divided by 54.
51
Let u(p) = -p**3 - 23*p**2 - 64*p - 65. What is the remainder when 53 is divided by u(-20)?
8
Let k = 173 - -20. Calculate the remainder when k is divided by 52.
37
Suppose -11*u + 16560 = 29*u. Calculate the remainder when u is divided by 13.
11
Let x = -402 - -404. Suppose -j + 0*j + 37 = 0. Suppose 0 = f + 4*u - j, 5*f - 30 - 155 = x*u. What is the remainder when f is divided by 10?
7
Suppose 10*c = -11*c + 567. Calculate the remainder when 51 is divided by c.
24
Suppose 0*v + 16 = v. Let p = 7 - v. What is the remainder when 6/p + 214/6 is divided by 9?
8
Let n = -333 + 360. Calculate the remainder when 269 is divided by n.
26
Suppose 5*s - 83 + 18 = 0. Let t = -97 + 187. Calculate the remainder when t is divided by s.
12
Let b = 1 + -1. Suppose -6 = -b*p - 3*p. Suppose -p*z + 3*r + 47 = 0, -4*r = -0*r - 20. Calculate the remainder when z is divided by 11.
9
Suppose -15*y + 6117 = 1392. Calculate the remainder when y is divided by 53.
50
Let y(c) = -c**3 - 5*c**2 - 3*c - 9. Calculate the remainder when y(-7) is divided by 37.
36
Suppose 0 = 7*m + 498 + 524. Let c = -137 - m. Calculate the remainder when 17 is divided by c.
8
Suppose 404 = 45*d - 361. What is the remainder when 201 is divided by d?
14
Let s = 69 + -113. Let i = -26 - s. What is the remainder when -6*(1 - 25/2) is divided by i?
15
Let z(i) = 8*i**2. Suppose 0 = 2*o - 130 + 52. What is the remainder when o is divided by z(1)?
7
Suppose 149 = 9*j - 472. Let g = 79 - j. What is the remainder when 67 is divided by g?
7
Suppose -4*f - 3*g + 5 = 0, 2*f - 1 = -5*g - 16. Suppose f = 2*y + 5*a - 5, -5*y - 2*a + 25 = 0. Calculate the remainder when 13 is divided by y.
3
Suppose -y + 221 = 4*v, -3*y + 614 = 5*v - 56. What is the remainder when y is divided by 76?
73
Let o(c) = 83*c - 1. Suppose -2*p + 31 = -3*d, -5*p - 6*d = -2*d - 89. What is the remainder when o(1) is divided by p?
14
Suppose 5*r + 20 = 0, -4*y + 3*r = -28 + 4. Let b = y - -14. What is the remainder when b is divided by 8?
1
Suppose 2*c - 22 - 4 = -4*h, -3*h = -4*c - 3. Suppose 0 = 5*y + 4*s - 80, -4*s - 53 = -h*y + 67. What is the remainder when y is divided by 11?
9
Suppose 3*q - 1 = 14. Suppose 7*u = 4*u + 36. What is the remainder when u is divided by q?
2
Let p = 4 - -16. Suppose -p = -4*b, -2*t + 9 = -0*t - 3*b. Calculate the remainder when t is divided by 7.
5
Suppose -k - 429 = -4*y, -4*y + 426 = 2*k - 4*k. Calculate the remainder when y is divided by 101.
7
Let a(o) = o**2 - 10*o - 11. Let f be a(11). Suppose -m + f = -1. What is the remainder when m is divided by 1?
0
What is the remainder when 260 is divided by 21111/279 + 5/(30/8)?
29
Suppose 2*m = 3*h - 4, -h + 3*m + 4 = 3*h. Suppose 0*w + 68 = h*w. What is the remainder when w is divided by 8?
1
Let z(u) = 10*u - 18 - 4*u + 0. Let d be z(8). What is the remainder when (d*-1)/(6/(-8)) is divided by 21?
19
Let n = 4 - -19. Suppose -4*q + 219 = n. Suppose 5*t - 4*x - 55 = 0, 3*t + 4*x - q - 16 = 0. Calculate the remainder when t is divided by 4.
3
Suppose 0*f + d - 41 = -f, -2*d - 103 = -3*f. Let u = 2985 - 2880. What is the remainder when u is divided by f?
31
Let y(x) be the third derivative of x**5/60 + 3*x**4/8 + 10*x**3/3 - 13*x**2. Let j be y(-9). Calculate the remainder when -10*5/(j/(-16)) is divided by 14.
12
What is the remainder when (-9)/((-45)/(-25)) - (-327 - -1) is divided by 36?
33
Let s(h) = -h**3 - 4*h**2 + h. Let w be s(-4). Let j = w + 25. Calculate the remainder when 615/j + (-4)/14 is divided by 10.
9
Calculate the remainder when 122 is divided by (-13)/((-40)/10 + (-22)/(-6)).
5
Suppose 5*h = -13 + 103. Suppose 3*r - 5*j - 14 = 0, 5*j - h = -2*r + r. Suppose 4*k - 37 = 11. Calculate the remainder when k is divided by r.
4
Suppose -8*q - q + 1323 = 0. Calculate the remainder when q is divided by 13.
4
Let r = -151 + 108. Let s = -29 - r. Let z = -62 + 87. What is the remainder when z is divided by s?
11
Let b(u) = 4*u**2 - u - 2. What is the remainder when (-7799)/(-55) + 16/(-20) is divided by b(2)?
9
Let p = -3 - -14. Suppose -2*f + f = 4*a - 3, 5*a = 0. Suppose -35 = -f*y - 2*y. What is the remainder when p is divided 